{"id":25,"date":"2020-01-06T15:42:32","date_gmt":"2020-01-06T15:42:32","guid":{"rendered":"http:\/\/carcacia.com\/?page_id=25"},"modified":"2023-01-16T16:28:00","modified_gmt":"2023-01-16T16:28:00","slug":"lugares","status":"publish","type":"page","link":"https:\/\/carcacia.com\/?page_id=25","title":{"rendered":"Lugares de interese"},"content":{"rendered":"\n<ul>\n<li><a href=\"https:\/\/carcacia.com\/?page_id=165\" data-type=\"page\" data-id=\"165\">A canle de sinde<\/a><\/li>\n\n\n\n<li><a href=\"https:\/\/carcacia.com\/?page_id=163\" data-type=\"page\" data-id=\"163\">A ponte sobre o Ulla<\/a><\/li>\n\n\n\n<li><a href=\"https:\/\/carcacia.com\/?page_id=549\" data-type=\"page\" data-id=\"549\">Campo de futbol Mirarrios<\/a><\/li>\n\n\n\n<li><a href=\"https:\/\/carcacia.com\/?page_id=173\" data-type=\"page\" data-id=\"173\">Capela de Nosa Se\u00f1ora da Merc\u00e9, Band\u00edn<\/a><\/li>\n\n\n\n<li><a href=\"https:\/\/carcacia.com\/?page_id=406\" data-type=\"page\" data-id=\"406\">E.T.A.P. de Carcac\u00eda<\/a><\/li>\n\n\n\n<li><a href=\"https:\/\/carcacia.com\/?page_id=178\" data-type=\"page\" data-id=\"178\">Escolas e campo de festas de Pousada<\/a><\/li>\n\n\n\n<li><a href=\"https:\/\/carcacia.com\/?page_id=182\" data-type=\"page\" data-id=\"182\">Cruceiros, fontes e lavadoiros<\/a><\/li>\n\n\n\n<li><a href=\"https:\/\/carcacia.com\/?page_id=169\" data-type=\"page\" data-id=\"169\">Igrexa de Carcac\u00eda<\/a><\/li>\n\n\n\n<li><a href=\"https:\/\/carcacia.com\/?page_id=171\" data-type=\"page\" data-id=\"171\">Igrexa de Santa Mar\u00eda de Rumille<\/a><\/li>\n\n\n\n<li><a href=\"https:\/\/carcacia.com\/?page_id=157\" data-type=\"page\" data-id=\"157\">Mirador do Lapido<\/a><\/li>\n\n\n\n<li><a href=\"https:\/\/carcacia.com\/?page_id=161\" data-type=\"page\" data-id=\"161\">O rio Ulla e a praia fluvial &#8220;O Areeiro&#8221;<\/a><\/li>\n\n\n\n<li><a href=\"https:\/\/carcacia.com\/?page_id=155\" data-type=\"page\" data-id=\"155\">O monte de Meda<\/a><\/li>\n<\/ul>\n","protected":false},"excerpt":{"rendered":"","protected":false},"author":1,"featured_media":0,"parent":0,"menu_order":0,"comment_status":"closed","ping_status":"closed","template":"","meta":[],"_links":{"self":[{"href":"https:\/\/carcacia.com\/index.php?rest_route=\/wp\/v2\/pages\/25"}],"collection":[{"href":"https:\/\/carcacia.com\/index.php?rest_route=\/wp\/v2\/pages"}],"about":[{"href":"https:\/\/carcacia.com\/index.php?rest_route=\/wp\/v2\/types\/page"}],"author":[{"embeddable":true,"href":"https:\/\/carcacia.com\/index.php?rest_route=\/wp\/v2\/users\/1"}],"replies":[{"embeddable":true,"href":"https:\/\/carcacia.com\/index.php?rest_route=%2Fwp%2Fv2%2Fcomments&post=25"}],"version-history":[{"count":4,"href":"https:\/\/carcacia.com\/index.php?rest_route=\/wp\/v2\/pages\/25\/revisions"}],"predecessor-version":[{"id":1053,"href":"https:\/\/carcacia.com\/index.php?rest_route=\/wp\/v2\/pages\/25\/revisions\/1053"}],"wp:attachment":[{"href":"https:\/\/carcacia.com\/index.php?rest_route=%2Fwp%2Fv2%2Fmedia&parent=25"}],"curies":[{"name":"wp","href":"https:\/\/api.w.org\/{rel}","templated":true}]}}