{"id":163,"date":"2020-01-27T14:47:36","date_gmt":"2020-01-27T14:47:36","guid":{"rendered":"http:\/\/carcacia.com\/?page_id=163"},"modified":"2023-01-04T16:30:55","modified_gmt":"2023-01-04T16:30:55","slug":"a-ponte-sobre-o-ulla","status":"publish","type":"page","link":"https:\/\/carcacia.com\/?page_id=163","title":{"rendered":"A ponte sobre o Ulla."},"content":{"rendered":"\n<p>Esta ponte, de uns 80 metros de longo, e 22 de altitude, une a parroquia de Carcacia, ca de San Miguel de Barcala, concello de A Estrada, o cal pertence \u00e1 provincia de Pontevedra. <\/p>\n\n\n\n<div class=\"is-layout-flex wp-container-2 wp-block-columns\">\n<div class=\"is-layout-flow wp-block-column\" style=\"flex-basis:100%\">\n<div class=\"wp-block-media-text alignwide is-stacked-on-mobile\" style=\"grid-template-columns:45% auto\"><figure class=\"wp-block-media-text__media\"><img decoding=\"async\" loading=\"lazy\" width=\"360\" height=\"876\" src=\"https:\/\/carcacia.com\/wp-content\/uploads\/2021\/04\/boe.jpeg\" alt=\"\" class=\"wp-image-365 size-full\" srcset=\"https:\/\/carcacia.com\/wp-content\/uploads\/2021\/04\/boe.jpeg 360w, https:\/\/carcacia.com\/wp-content\/uploads\/2021\/04\/boe-123x300.jpeg 123w\" sizes=\"(max-width: 360px) 100vw, 360px\" \/><\/figure><div class=\"wp-block-media-text__content\">\n<p>Como se pode ver neste recorte do BOE, a obra licitouse en Abril de 1989, con un presuposto de 76.65 mill\u00f3ns de pesetas da \u00e9poca, equivalente a uns 460.000\u20ac.<\/p>\n<\/div><\/div>\n<\/div>\n<\/div>\n\n\n\n<p><\/p>\n\n\n\n<figure class=\"is-layout-flex wp-block-gallery-3 wp-block-gallery has-nested-images columns-default is-cropped\">\n<figure class=\"wp-block-image size-full\"><a href=\"https:\/\/carcacia.com\/wp-content\/uploads\/2022\/05\/DJI_0165-scaled.jpg\"><img decoding=\"async\" loading=\"lazy\" width=\"2560\" height=\"1440\" data-id=\"415\"  src=\"https:\/\/carcacia.com\/wp-content\/uploads\/2022\/05\/DJI_0165-scaled.jpg\" alt=\"\" class=\"wp-image-415\" srcset=\"https:\/\/carcacia.com\/wp-content\/uploads\/2022\/05\/DJI_0165-scaled.jpg 2560w, https:\/\/carcacia.com\/wp-content\/uploads\/2022\/05\/DJI_0165-300x169.jpg 300w, https:\/\/carcacia.com\/wp-content\/uploads\/2022\/05\/DJI_0165-1024x576.jpg 1024w, https:\/\/carcacia.com\/wp-content\/uploads\/2022\/05\/DJI_0165-768x432.jpg 768w, https:\/\/carcacia.com\/wp-content\/uploads\/2022\/05\/DJI_0165-1536x864.jpg 1536w, https:\/\/carcacia.com\/wp-content\/uploads\/2022\/05\/DJI_0165-2048x1152.jpg 2048w\" sizes=\"(max-width: 2560px) 100vw, 2560px\" \/><\/a><\/figure>\n\n\n\n<figure class=\"wp-block-image size-full\"><a href=\"https:\/\/carcacia.com\/wp-content\/uploads\/2022\/05\/DJI_0160-scaled.jpg\"><img decoding=\"async\" loading=\"lazy\" width=\"2560\" height=\"1440\" data-id=\"414\"  src=\"https:\/\/carcacia.com\/wp-content\/uploads\/2022\/05\/DJI_0160-scaled.jpg\" alt=\"\" class=\"wp-image-414\" srcset=\"https:\/\/carcacia.com\/wp-content\/uploads\/2022\/05\/DJI_0160-scaled.jpg 2560w, https:\/\/carcacia.com\/wp-content\/uploads\/2022\/05\/DJI_0160-300x169.jpg 300w, https:\/\/carcacia.com\/wp-content\/uploads\/2022\/05\/DJI_0160-1024x576.jpg 1024w, https:\/\/carcacia.com\/wp-content\/uploads\/2022\/05\/DJI_0160-768x432.jpg 768w, https:\/\/carcacia.com\/wp-content\/uploads\/2022\/05\/DJI_0160-1536x864.jpg 1536w, https:\/\/carcacia.com\/wp-content\/uploads\/2022\/05\/DJI_0160-2048x1152.jpg 2048w\" sizes=\"(max-width: 2560px) 100vw, 2560px\" \/><\/a><\/figure>\n\n\n\n<figure class=\"wp-block-image size-full\"><a href=\"https:\/\/carcacia.com\/wp-content\/uploads\/2022\/05\/DJI_0166-scaled.jpg\"><img decoding=\"async\" loading=\"lazy\" width=\"2560\" height=\"1440\" data-id=\"411\"  src=\"https:\/\/carcacia.com\/wp-content\/uploads\/2022\/05\/DJI_0166-scaled.jpg\" alt=\"\" class=\"wp-image-411\" srcset=\"https:\/\/carcacia.com\/wp-content\/uploads\/2022\/05\/DJI_0166-scaled.jpg 2560w, https:\/\/carcacia.com\/wp-content\/uploads\/2022\/05\/DJI_0166-300x169.jpg 300w, https:\/\/carcacia.com\/wp-content\/uploads\/2022\/05\/DJI_0166-1024x576.jpg 1024w, https:\/\/carcacia.com\/wp-content\/uploads\/2022\/05\/DJI_0166-768x432.jpg 768w, https:\/\/carcacia.com\/wp-content\/uploads\/2022\/05\/DJI_0166-1536x864.jpg 1536w, https:\/\/carcacia.com\/wp-content\/uploads\/2022\/05\/DJI_0166-2048x1152.jpg 2048w\" sizes=\"(max-width: 2560px) 100vw, 2560px\" \/><\/a><\/figure>\n\n\n\n<figure class=\"wp-block-image size-full\"><a href=\"https:\/\/carcacia.com\/wp-content\/uploads\/2022\/05\/DJI_0017-1-scaled.jpg\"><img decoding=\"async\" loading=\"lazy\" width=\"2560\" height=\"1440\" data-id=\"508\"  src=\"https:\/\/carcacia.com\/wp-content\/uploads\/2022\/05\/DJI_0017-1-scaled.jpg\" alt=\"\" class=\"wp-image-508\" srcset=\"https:\/\/carcacia.com\/wp-content\/uploads\/2022\/05\/DJI_0017-1-scaled.jpg 2560w, https:\/\/carcacia.com\/wp-content\/uploads\/2022\/05\/DJI_0017-1-300x169.jpg 300w, https:\/\/carcacia.com\/wp-content\/uploads\/2022\/05\/DJI_0017-1-1024x576.jpg 1024w, https:\/\/carcacia.com\/wp-content\/uploads\/2022\/05\/DJI_0017-1-768x432.jpg 768w, https:\/\/carcacia.com\/wp-content\/uploads\/2022\/05\/DJI_0017-1-1536x864.jpg 1536w, https:\/\/carcacia.com\/wp-content\/uploads\/2022\/05\/DJI_0017-1-2048x1152.jpg 2048w\" sizes=\"(max-width: 2560px) 100vw, 2560px\" \/><\/a><\/figure>\n<\/figure>\n\n\n\n<p>Esta ponte foi un gran avance para a relaci\u00f3n entre as parroquias cercanas \u00f3 servires de enlace entre elas, e supuxo un gran atallo, xa que antes hab\u00eda que percorrer case 12 km para chegar de un lado \u00f3 outro. <\/p>\n\n\n\n<p>A ponte foi inaugurada no ano 1993. \u00d3 evento acudiron moitos veci\u00f1os e estivo amenizado por unha banda de m\u00fasica e polo grupo de gaitas de Carcac\u00eda. Estiveron presentes varios responsables pol\u00edticos, e tamen os respectivos alcaldes dos concellos lim\u00edtrofes, os cales pronunciaron uns breves discursos. Tamen adicou unhas rimas o querido veci\u00f1o e poeta, Don Alfredo Rivas, nas cales menciona \u00f3 entonces cura p\u00e1rroco de Carcac\u00eda, Don Antonio Iglesias, e \u00f3 seu incesante empe\u00f1o en buscar melloras para a nosa parroquia. <\/p>\n\n\n\n<p>Por suposto, de ese evento rescatamos un pequeno video gracias a D. Jos\u00e9 Pi\u00f1eiro, que a pesar da baixa calidade da \u00e9poca, cremos que vos vai a gustar velo.<\/p>\n\n\n\n<figure class=\"wp-block-embed is-type-video is-provider-youtube wp-block-embed-youtube wp-embed-aspect-4-3 wp-has-aspect-ratio\"><div class=\"wp-block-embed__wrapper\">\n<iframe loading=\"lazy\" title=\"Inauguraci\u00f3n da ponte sobre o rio Ulla. Ano 1993.\" width=\"640\" height=\"480\" src=\"https:\/\/www.youtube.com\/embed\/R-rHPtXJzpA?feature=oembed\" frameborder=\"0\" allow=\"accelerometer; autoplay; clipboard-write; encrypted-media; gyroscope; picture-in-picture\" allowfullscreen><\/iframe>\n<\/div><\/figure>\n\n\n\n<p><\/p>\n\n\n\n<p><\/p>\n\n\n\n<p><strong>Situaci\u00f3n xeogr\u00e1fica:<\/strong><\/p>\n\n\n\n<iframe src=\"https:\/\/www.google.com\/maps\/embed?pb=!1m18!1m12!1m3!1d982.4066913806411!2d-8.593937248742959!3d42.743606147073045!2m3!1f0!2f0!3f0!3m2!1i1024!2i768!4f13.1!3m3!1m2!1s0x0%3A0x9e2640f19303ed95!2zNDLCsDQ0JzM3LjAiTiA4wrAzNSczNS45Ilc!5e1!3m2!1ses!2ses!4v1651740860895!5m2!1ses!2ses\" style=\"border:0;\" allowfullscreen=\"\" loading=\"lazy\" referrerpolicy=\"no-referrer-when-downgrade\" width=\"400\" height=\"300\"><\/iframe>\n","protected":false},"excerpt":{"rendered":"<p>Esta ponte, de uns 80 metros de longo, e 22 de altitude, une a parroquia de Carcacia, ca de San Miguel de Barcala, concello de A Estrada, o cal pertence \u00e1 provincia de Pontevedra. Como se pode ver neste recorte &hellip; <a href=\"https:\/\/carcacia.com\/?page_id=163\">Sigue lendo <span class=\"meta-nav\">&rarr;<\/span><\/a><\/p>\n","protected":false},"author":1,"featured_media":0,"parent":0,"menu_order":0,"comment_status":"closed","ping_status":"closed","template":"","meta":[],"_links":{"self":[{"href":"https:\/\/carcacia.com\/index.php?rest_route=\/wp\/v2\/pages\/163"}],"collection":[{"href":"https:\/\/carcacia.com\/index.php?rest_route=\/wp\/v2\/pages"}],"about":[{"href":"https:\/\/carcacia.com\/index.php?rest_route=\/wp\/v2\/types\/page"}],"author":[{"embeddable":true,"href":"https:\/\/carcacia.com\/index.php?rest_route=\/wp\/v2\/users\/1"}],"replies":[{"embeddable":true,"href":"https:\/\/carcacia.com\/index.php?rest_route=%2Fwp%2Fv2%2Fcomments&post=163"}],"version-history":[{"count":35,"href":"https:\/\/carcacia.com\/index.php?rest_route=\/wp\/v2\/pages\/163\/revisions"}],"predecessor-version":[{"id":1011,"href":"https:\/\/carcacia.com\/index.php?rest_route=\/wp\/v2\/pages\/163\/revisions\/1011"}],"wp:attachment":[{"href":"https:\/\/carcacia.com\/index.php?rest_route=%2Fwp%2Fv2%2Fmedia&parent=163"}],"curies":[{"name":"wp","href":"https:\/\/api.w.org\/{rel}","templated":true}]}}

<p>Esta ponte, de uns 80 metros de longo, e 22 de altitude, une a parroquia de Carcacia, ca de San Miguel de Barcala, concello de A Estrada, o cal pertence á provincia de Pontevedra. </p>



<div class="is-layout-flex wp-container-2 wp-block-columns">
<div class="is-layout-flow wp-block-column" style="flex-basis:100%">
<div class="wp-block-media-text alignwide is-stacked-on-mobile" style="grid-template-columns:45% auto"><figure class="wp-block-media-text__media"><img decoding="async" loading="lazy" width="360" height="876" src="https://carcacia.com/wp-content/uploads/2021/04/boe.jpeg" alt="" class="wp-image-365 size-full" srcset="https://carcacia.com/wp-content/uploads/2021/04/boe.jpeg 360w, https://carcacia.com/wp-content/uploads/2021/04/boe-123x300.jpeg 123w" sizes="(max-width: 360px) 100vw, 360px" /></figure><div class="wp-block-media-text__content">
<p>Como se pode ver neste recorte do BOE, a obra licitouse en Abril de 1989, con un presuposto de 76.65 millóns de pesetas da época, equivalente a uns 460.000€.</p>
</div></div>
</div>
</div>



<p></p>



<figure class="is-layout-flex wp-block-gallery-3 wp-block-gallery has-nested-images columns-default is-cropped">
<figure class="wp-block-image size-full"><a href="https://carcacia.com/wp-content/uploads/2022/05/DJI_0165-scaled.jpg"><img decoding="async" loading="lazy" width="2560" height="1440" data-id="415"  src="https://carcacia.com/wp-content/uploads/2022/05/DJI_0165-scaled.jpg" alt="" class="wp-image-415" srcset="https://carcacia.com/wp-content/uploads/2022/05/DJI_0165-scaled.jpg 2560w, https://carcacia.com/wp-content/uploads/2022/05/DJI_0165-300x169.jpg 300w, https://carcacia.com/wp-content/uploads/2022/05/DJI_0165-1024x576.jpg 1024w, https://carcacia.com/wp-content/uploads/2022/05/DJI_0165-768x432.jpg 768w, https://carcacia.com/wp-content/uploads/2022/05/DJI_0165-1536x864.jpg 1536w, https://carcacia.com/wp-content/uploads/2022/05/DJI_0165-2048x1152.jpg 2048w" sizes="(max-width: 2560px) 100vw, 2560px" /></a></figure>



<figure class="wp-block-image size-full"><a href="https://carcacia.com/wp-content/uploads/2022/05/DJI_0160-scaled.jpg"><img decoding="async" loading="lazy" width="2560" height="1440" data-id="414"  src="https://carcacia.com/wp-content/uploads/2022/05/DJI_0160-scaled.jpg" alt="" class="wp-image-414" srcset="https://carcacia.com/wp-content/uploads/2022/05/DJI_0160-scaled.jpg 2560w, https://carcacia.com/wp-content/uploads/2022/05/DJI_0160-300x169.jpg 300w, https://carcacia.com/wp-content/uploads/2022/05/DJI_0160-1024x576.jpg 1024w, https://carcacia.com/wp-content/uploads/2022/05/DJI_0160-768x432.jpg 768w, https://carcacia.com/wp-content/uploads/2022/05/DJI_0160-1536x864.jpg 1536w, https://carcacia.com/wp-content/uploads/2022/05/DJI_0160-2048x1152.jpg 2048w" sizes="(max-width: 2560px) 100vw, 2560px" /></a></figure>



<figure class="wp-block-image size-full"><a href="https://carcacia.com/wp-content/uploads/2022/05/DJI_0166-scaled.jpg"><img decoding="async" loading="lazy" width="2560" height="1440" data-id="411"  src="https://carcacia.com/wp-content/uploads/2022/05/DJI_0166-scaled.jpg" alt="" class="wp-image-411" srcset="https://carcacia.com/wp-content/uploads/2022/05/DJI_0166-scaled.jpg 2560w, https://carcacia.com/wp-content/uploads/2022/05/DJI_0166-300x169.jpg 300w, https://carcacia.com/wp-content/uploads/2022/05/DJI_0166-1024x576.jpg 1024w, https://carcacia.com/wp-content/uploads/2022/05/DJI_0166-768x432.jpg 768w, https://carcacia.com/wp-content/uploads/2022/05/DJI_0166-1536x864.jpg 1536w, https://carcacia.com/wp-content/uploads/2022/05/DJI_0166-2048x1152.jpg 2048w" sizes="(max-width: 2560px) 100vw, 2560px" /></a></figure>



<figure class="wp-block-image size-full"><a href="https://carcacia.com/wp-content/uploads/2022/05/DJI_0017-1-scaled.jpg"><img decoding="async" loading="lazy" width="2560" height="1440" data-id="508"  src="https://carcacia.com/wp-content/uploads/2022/05/DJI_0017-1-scaled.jpg" alt="" class="wp-image-508" srcset="https://carcacia.com/wp-content/uploads/2022/05/DJI_0017-1-scaled.jpg 2560w, https://carcacia.com/wp-content/uploads/2022/05/DJI_0017-1-300x169.jpg 300w, https://carcacia.com/wp-content/uploads/2022/05/DJI_0017-1-1024x576.jpg 1024w, https://carcacia.com/wp-content/uploads/2022/05/DJI_0017-1-768x432.jpg 768w, https://carcacia.com/wp-content/uploads/2022/05/DJI_0017-1-1536x864.jpg 1536w, https://carcacia.com/wp-content/uploads/2022/05/DJI_0017-1-2048x1152.jpg 2048w" sizes="(max-width: 2560px) 100vw, 2560px" /></a></figure>
</figure>



<p>Esta ponte foi un gran avance para a relación entre as parroquias cercanas ó servires de enlace entre elas, e supuxo un gran atallo, xa que antes había que percorrer case 12 km para chegar de un lado ó outro. </p>



<p>A ponte foi inaugurada no ano 1993. Ó evento acudiron moitos veciños e estivo amenizado por unha banda de música e polo grupo de gaitas de Carcacía. Estiveron presentes varios responsables políticos, e tamen os respectivos alcaldes dos concellos limítrofes, os cales pronunciaron uns breves discursos. Tamen adicou unhas rimas o querido veciño e poeta, Don Alfredo Rivas, nas cales menciona ó entonces cura párroco de Carcacía, Don Antonio Iglesias, e ó seu incesante empeño en buscar melloras para a nosa parroquia. </p>



<p>Por suposto, de ese evento rescatamos un pequeno video gracias a D. José Piñeiro, que a pesar da baixa calidade da época, cremos que vos vai a gustar velo.</p>



<figure class="wp-block-embed is-type-video is-provider-youtube wp-block-embed-youtube wp-embed-aspect-4-3 wp-has-aspect-ratio"><div class="wp-block-embed__wrapper">
<iframe loading="lazy" title="Inauguración da ponte sobre o rio Ulla. Ano 1993." width="640" height="480" src="https://www.youtube.com/embed/R-rHPtXJzpA?feature=oembed" frameborder="0" allow="accelerometer; autoplay; clipboard-write; encrypted-media; gyroscope; picture-in-picture" allowfullscreen></iframe>
</div></figure>



<p></p>



<p></p>



<p><strong>Situación xeográfica:</strong></p>



<iframe src="https://www.google.com/maps/embed?pb=!1m18!1m12!1m3!1d982.4066913806411!2d-8.593937248742959!3d42.743606147073045!2m3!1f0!2f0!3f0!3m2!1i1024!2i768!4f13.1!3m3!1m2!1s0x0%3A0x9e2640f19303ed95!2zNDLCsDQ0JzM3LjAiTiA4wrAzNSczNS45Ilc!5e1!3m2!1ses!2ses!4v1651740860895!5m2!1ses!2ses" style="border:0;" allowfullscreen="" loading="lazy" referrerpolicy="no-referrer-when-downgrade" width="400" height="300"></iframe>

<p>Esta ponte, de uns 80 metros de longo, e 22 de altitude, une a parroquia de Carcacia, ca de San Miguel de Barcala, concello de A Estrada, o cal pertence á provincia de Pontevedra. Como se pode ver neste recorte &hellip; <a href="https://carcacia.com/?page_id=163">Sigue lendo <span class="meta-nav">&rarr;</span></a></p>
