{"id":123,"date":"2020-01-27T13:10:43","date_gmt":"2020-01-27T13:10:43","guid":{"rendered":"http:\/\/carcacia.com\/?page_id=123"},"modified":"2023-01-16T12:43:25","modified_gmt":"2023-01-16T12:43:25","slug":"festas","status":"publish","type":"page","link":"https:\/\/carcacia.com\/?page_id=123","title":{"rendered":"Festas"},"content":{"rendered":"\n<p><strong>San Isidro Labrador. (Festa da tortilla Xigante).<\/strong><\/p>\n\n\n\n<div class=\"is-layout-flex wp-container-3 wp-block-columns\">\n<div class=\"is-layout-flow wp-block-column\">\n<p class=\"has-light-gray-background-color has-background\">Al\u00e1 polo 15 de Maio, no fin de semana mais cercano, celebrase a festa na\u00a0honra a\u00a0<a href=\"https:\/\/es.wikipedia.org\/wiki\/Isidro_Labrador\">San Isidro Labrador<\/a>, patr\u00f3n de Madrid, do que se d\u00ed que viveu entre o 1070 e o 1130, unha vida honrada e chea de traballo.<\/p>\n\n\n\n<p class=\"has-light-gray-background-color has-background\">Dende hai moitos anos esta festa ven sendo do estilo dunha romar\u00eda.<\/p>\n\n\n\n<p><\/p>\n<\/div>\n\n\n\n<div class=\"is-layout-flow wp-block-column\">\n<figure class=\"wp-block-image size-large is-resized\"><img decoding=\"async\" loading=\"lazy\" src=\"http:\/\/carcacia.com\/wp-content\/uploads\/2022\/10\/isidro1n.jpg\" alt=\"\" class=\"wp-image-801\" width=\"134\" height=\"206\"\/><\/figure>\n\n\n\n<figure class=\"wp-block-image size-large is-resized\"><a href=\"https:\/\/carcacia.com\/wp-content\/uploads\/2022\/10\/tortilla.jpg\"><img decoding=\"async\" loading=\"lazy\" src=\"https:\/\/carcacia.com\/wp-content\/uploads\/2022\/10\/tortilla-1024x576.jpg\" alt=\"\" class=\"wp-image-835\" width=\"250\" height=\"140\" srcset=\"https:\/\/carcacia.com\/wp-content\/uploads\/2022\/10\/tortilla-1024x576.jpg 1024w, https:\/\/carcacia.com\/wp-content\/uploads\/2022\/10\/tortilla-300x169.jpg 300w, https:\/\/carcacia.com\/wp-content\/uploads\/2022\/10\/tortilla-768x432.jpg 768w, https:\/\/carcacia.com\/wp-content\/uploads\/2022\/10\/tortilla.jpg 1280w\" sizes=\"(max-width: 250px) 100vw, 250px\" \/><\/a><\/figure>\n<\/div>\n<\/div>\n\n\n\n<div class=\"is-layout-flex wp-container-6 wp-block-columns\">\n<div class=\"is-layout-flow wp-block-column\">\n<figure class=\"wp-block-image size-large is-resized\"><a href=\"https:\/\/carcacia.com\/wp-content\/uploads\/2022\/10\/TortillaPrensa.jpg\"><img decoding=\"async\" loading=\"lazy\" src=\"http:\/\/carcacia.com\/wp-content\/uploads\/2022\/10\/TortillaPrensa-710x1024.jpg\" alt=\"\" class=\"wp-image-803\" width=\"187\" height=\"270\" srcset=\"https:\/\/carcacia.com\/wp-content\/uploads\/2022\/10\/TortillaPrensa-710x1024.jpg 710w, https:\/\/carcacia.com\/wp-content\/uploads\/2022\/10\/TortillaPrensa-208x300.jpg 208w, https:\/\/carcacia.com\/wp-content\/uploads\/2022\/10\/TortillaPrensa-768x1108.jpg 768w, https:\/\/carcacia.com\/wp-content\/uploads\/2022\/10\/TortillaPrensa.jpg 832w\" sizes=\"(max-width: 187px) 100vw, 187px\" \/><\/a><figcaption class=\"wp-element-caption\">Artigo do Correo Gallego, 18 de Mayo de 1987.<\/figcaption><\/figure>\n<\/div>\n\n\n\n<div class=\"is-layout-flow wp-block-column\">\n<p class=\"has-light-gray-background-color has-background\">No 1987, uns cantos veci\u00f1os, propuxeronse facer algo co que dar a conocer Carcac\u00eda, e ocorreuselle construir unha sart\u00e9n de tama\u00f1o desmesurado, co fin de coci\u00f1ar nela a tortilla de patacas mais grande do mundo. A idea foi un \u00e9xito e esa festa saiu en todo-los medios de comunicaci\u00f3n, e ata fixo que Carcacia figure no &#8220;Libro Guiness de los records&#8221;. Dende aquel ano vense celebrando a tortilla xigante \u00e1 que acuden miles de persoas de todas partes.<\/p>\n<\/div>\n<\/div>\n\n\n\n<p><strong>Festa na honra a San Pedro.<\/strong><\/p>\n\n\n\n<p>Un s\u00e1bado de finais de Xu\u00f1o cel\u00e9brase a festa na honra \u00f3 patr\u00f3n da nosa parroquia, San Pedro. <\/p>\n\n\n\n<p>Ese dia cel\u00e9brase unha misa como de costumbre para seguidamente acudir \u00e1 sesi\u00f3n verm\u00fa no campo de festas de Pousada, amenizada por algun grupo musical. Terminada esta, toca xantar cada un na sua casa, ocasi\u00f3n que se aproveita para invitar a amigos ou familiares e pasar o dia xuntos.  Pola noite v\u00f3lvese \u00f3 campo da festa para disfrutar da m\u00fasica de algunha orquestra, e tomar algo na cantina, ou como ainda lle chaman alguns, &#8220;o carro do vi\u00f1o&#8221;.<\/p>\n\n\n\n<p>\u00d3 dia seguinte, do mesmo xeito, cel\u00e9brase a festa do Sant\u00edsimo Sacramento. <\/p>\n\n\n\n<hr class=\"wp-block-separator has-css-opacity\"\/>\n\n\n\n<p><strong>Outras festas da parroquia.<\/strong><\/p>\n\n\n\n<p>Na nosa parroquia te\u00f1en lugar outras festas como son o San Antonio e da Virxe do Rosario.<\/p>\n","protected":false},"excerpt":{"rendered":"<p>San Isidro Labrador. (Festa da tortilla Xigante). Al\u00e1 polo 15 de Maio, no fin de semana mais cercano, celebrase a festa na\u00a0honra a\u00a0San Isidro Labrador, patr\u00f3n de Madrid, do que se d\u00ed que viveu entre o 1070 e o 1130, &hellip; <a href=\"https:\/\/carcacia.com\/?page_id=123\">Sigue lendo <span class=\"meta-nav\">&rarr;<\/span><\/a><\/p>\n","protected":false},"author":1,"featured_media":0,"parent":0,"menu_order":0,"comment_status":"closed","ping_status":"closed","template":"","meta":[],"_links":{"self":[{"href":"https:\/\/carcacia.com\/index.php?rest_route=\/wp\/v2\/pages\/123"}],"collection":[{"href":"https:\/\/carcacia.com\/index.php?rest_route=\/wp\/v2\/pages"}],"about":[{"href":"https:\/\/carcacia.com\/index.php?rest_route=\/wp\/v2\/types\/page"}],"author":[{"embeddable":true,"href":"https:\/\/carcacia.com\/index.php?rest_route=\/wp\/v2\/users\/1"}],"replies":[{"embeddable":true,"href":"https:\/\/carcacia.com\/index.php?rest_route=%2Fwp%2Fv2%2Fcomments&post=123"}],"version-history":[{"count":22,"href":"https:\/\/carcacia.com\/index.php?rest_route=\/wp\/v2\/pages\/123\/revisions"}],"predecessor-version":[{"id":1050,"href":"https:\/\/carcacia.com\/index.php?rest_route=\/wp\/v2\/pages\/123\/revisions\/1050"}],"wp:attachment":[{"href":"https:\/\/carcacia.com\/index.php?rest_route=%2Fwp%2Fv2%2Fmedia&parent=123"}],"curies":[{"name":"wp","href":"https:\/\/api.w.org\/{rel}","templated":true}]}}